t of 1499?
9
What is the units digit of 825?
5
What is the tens digit of 227?
2
What is the tens digit of 1989?
8
What is the hundreds digit of 43261?
2
What is the tens digit of 19460?
6
What is the thousands digit of 1645?
1
What is the units digit of 8416?
6
What is the units digit of 3800?
0
What is the hundreds digit of 5988?
9
What is the units digit of 11306?
6
What is the hundreds digit of 270?
2
What is the thousands digit of 1740?
1
What is the thousands digit of 2256?
2
What is the tens digit of 22306?
0
What is the hundreds digit of 828?
8
What is the tens digit of 2334?
3
What is the hundreds digit of 861?
8
What is the hundreds digit of 3068?
0
What is the units digit of 3595?
5
What is the units digit of 2434?
4
What is the hundreds digit of 4059?
0
What is the units digit of 995?
5
What is the tens digit of 918?
1
What is the hundreds digit of 13131?
1
What is the ten thousands digit of 28279?
2
What is the tens digit of 433?
3
What is the units digit of 30907?
7
What is the ten thousands digit of 26783?
2
What is the hundreds digit of 4790?
7
What is the tens digit of 6672?
7
What is the tens digit of 1048?
4
What is the tens digit of 11259?
5
What is the thousands digit of 3144?
3
What is the units digit of 26444?
4
What is the hundreds digit of 93446?
4
What is the hundreds digit of 444?
4
What is the hundred thousands digit of 125460?
1
What is the hundreds digit of 4442?
4
What is the units digit of 101339?
9
What is the thousands digit of 1447?
1
What is the tens digit of 3233?
3
What is the thousands digit of 49098?
9
What is the tens digit of 6559?
5
What is the units digit of 49701?
1
What is the tens digit of 5276?
7
What is the tens digit of 1120?
2
What is the thousands digit of 49072?
9
What is the ten thousands digit of 37965?
3
What is the units digit of 97801?
1
What is the thousands digit of 8649?
8
What is the tens digit of 204?
0
What is the hundreds digit of 4746?
7
What is the tens digit of 2139?
3
What is the tens digit of 795?
9
What is the thousands digit of 1411?
1
What is the thousands digit of 28378?
8
What is the tens digit of 1992?
9
What is the hundreds digit of 2292?
2
What is the units digit of 32122?
2
What is the units digit of 65342?
2
What is the ten thousands digit of 61327?
6
What is the thousands digit of 62955?
2
What is the ten thousands digit of 95802?
9
What is the thousands digit of 2987?
2
What is the tens digit of 214?
1
What is the units digit of 143?
3
What is the hundreds digit of 3677?
6
What is the thousands digit of 7111?
7
What is the units digit of 1506?
6
What is the tens digit of 1457?
5
What is the units digit of 23139?
9
What is the ten thousands digit of 18626?
1
What is the hundreds digit of 4542?
5
What is the tens digit of 1414?
1
What is the hundreds digit of 2604?
6
What is the ten thousands digit of 135830?
3
What is the units digit of 134?
4
What is the hundreds digit of 420?
4
What is the units digit of 1300?
0
What is the units digit of 1079?
9
What is the ten thousands digit of 12896?
1
What is the hundreds digit of 89343?
3
What is the hundreds digit of 4372?
3
What is the ten thousands digit of 33628?
3
What is the units digit of 597?
7
What is the thousands digit of 1101?
1
What is the thousands digit of 17254?
7
What is the tens digit of 1737?
3
What is the ten thousands digit of 72911?
7
What is the units digit of 3521?
1
What is the hundreds digit of 3713?
7
What is the thousands digit of 2855?
2
What is the tens digit of 4388?
8
What is the tens digit of 955?
5
What is the units digit of 1370?
0
What is the units digit of 12733?
3
What is the tens digit of 50623?
2
What is the units digit of 5046?
6
What is the thousands digit of 3890?
3
What is the thousands digit of 17305?
7
What is the units digit of 94903?
3
What is the units digit of 2371?
1
What is the units digit of 2888?
8
What is the units digit of 923?
3
What is the tens digit of 1456?
5
What is the units digit of 33545?
5
What is the units digit of 5147?
7
What is the units digit of 16725?
5
What is the tens digit of 830?
3
What is the tens digit of 5884?
8
What is the hundreds digit of 55784?
7
What is the tens digit of 997?
9
What is the hundreds digit of 3746?
7
What is the hundreds digit of 3615?
6
What is the units digit of 138?
8
What is the units digit of 468?
8
What is the units digit of 592?
2
What is the ten thousands digit of 19570?
1
What is the tens digit of 1357?
5
What is the units digit of 163?
3
What is the hundreds digit of 37940?
9
What is the units digit of 30436?
6
What is the tens digit of 1219?
1
What is the tens digit of 16396?
9
What is the units digit of 4805?
5
What is the hundreds digit of 2274?
2
What is the units digit of 362?
2
What is the ten thousands digit of 17201?
1
What is the tens digit of 283?
8
What is the units digit of 277?
7
What is the hundreds digit of 1200?
2
What is the thousands digit of 3509?
3
What is the units digit of 1345?
5
What is the tens digit of 1585?
8
What is the tens digit of 892?
9
What is the tens digit of 4345?
4
What is the tens digit of 3829?
2
What is the thousands digit of 76452?
6
What is the tens digit of 10733?
3
What is the hundreds digit of 46274?
2
What is the hundreds digit of 5443?
4
What is the tens digit of 840?
4
What is the tens digit of 45275?
7
What is the tens digit of 92658?
5
What is the hundreds digit of 2306?
3
What is the ten thousands digit of 60668?
6
What is the hundreds digit of 3817?
8
What is the tens digit of 129?
2
What is the ten thousands digit of 18877?
1
What is the tens digit of 1880?
8
What is the hundreds digit of 23931?
9
What is the thousands digit of 80654?
0
What is the hundreds digit of 4691?
6
What is the tens digit of 4895?
9
What is the units digit of 3183?
3
What is the hundreds digit of 1405?
4
What is the tens digit of 35904?
0
What is the thousands digit of 36682?
6
What is the units digit of 17451?
1
What is the tens digit of 28371?
7
What is the hundreds digit of 38717?
7
What is the units digit of 4910?
0
What is the tens digit of 22980?
8
What is the thousands digit of 1466?
1
What is the tens digit of 2399?
9
What is the thousands digit of 42235?
2
What is the thousands digit of 2510?
2
What is the units digit of 7465?
5
What is the hundreds digit of 1368?
3
What is the thousands digit of 1102?
1
What is the units digit of 8731?
1
What is the units digit of 821?
1
What is the hundreds digit of 138535?
5
What is the hundreds digit of 11211?
2
What is the thousands digit of 3865?
3
What is the tens digit of 429?
2
What is the tens digit of 394?
9
What is the tens digit of 5193?
9
What is the tens digit of 4031?
3
What is the thousands digit of 6524?
6
What is the thousands digit of 1233?
1
What is the ten thousands digit of 128784?
2
What is the thousands digit of 28121?
8
What is the thousands digit of 2722?
2
What is the units digit of 12452?
2
What is the tens digit of 417?
1
What is the tens digit of 1910?
1
What is the hundreds digit of 3498?
4
What is the hundreds digit of 2896?
8
What is the tens digit of 1298?
9
What is the hundreds digit of 24382?
3
What is the thousands digit of 2808?
2
What is the thousands digit of 8747?
8
What is the hundreds digit of 11163?
1
What is the tens digit of 174384?
8
What is the tens digit of 122145?
4
What is the units digit of 1561?
1
What is the hundreds digit of 8648?
6
What is the ten thousands digit of 17668?
1
What is the units digit of 8640?
0
What is the hundreds digit of 780?
7
What is the tens digit of 70118?
1
What is the thousands digit of 60794?
0
What is the hundreds digit of 9753?
7
What is the units digit of 5290?
0
What is the units digit of 2648?
8
What is the units digit of 72078?
8
What is the thousands digit of 14706?
4
What is the thousands digit of 1639?
1
What is the units digit of 96882?
2
What is the units digit of 26127?
7
What is the tens digit of 98071?
7
What is the hundreds digit of 695?
6
What is the units digit of 3?
3
What is the tens digit of 1087?
8
What is the hundreds digit of 16794?
7
What is the units digit of 2732?
2
What is the hundreds digit of 189?
1
What is the units digit of 1813?
3
What is the tens digit of 107310?
1
What is the tens digit of 209?
0
What is the thousands digit of 148